What are the prime factors of m?
3, 43
Suppose -430*h + 28723080 + 12115079 = 12830539. List the prime factors of h.
2, 29, 1123
Let g(y) = -y**2 - 82*y - 84. Suppose -4*l - 55 = 161. What are the prime factors of g(l)?
2, 3, 7, 17
Let w be (84/(-8) + -2)*-2. Suppose -a = -5*g + 5, 4*g + 3*a + w = -2*a. Suppose -m + 5*m - 176 = g. What are the prime factors of m?
2, 11
Let z = 99 + 1. Suppose n - z = -2*o, -2*o + 100 = -4*n + 3*n. Let s = o + 83. List the prime factors of s.
7, 19
Suppose 5708 = 8*x - 4*x. Suppose i + 0*c = 2*c + 464, 3*i = -c + x. List the prime factors of i.
2, 3, 79
Let x = 2331 + -4075. Let l = 2706 + x. List the prime factors of l.
2, 13, 37
What are the prime factors of (9 + -13 - -3549) + -14?
3, 11, 107
Let t be -4 - -3 - (-1592)/8. Let a = t - 278. Let m = -49 - a. What are the prime factors of m?
31
Let f(h) = -15*h - 15. Let x be f(6). Let z = x - -107. Suppose -3*t - 142 = r - 689, -173 = -t + z*r. List the prime factors of t.
181
Suppose -61601 = -2*u - 5*y, 95*y - 7 = 94*y. List the prime factors of u.
3, 31, 331
Let p = 21 - 18. Let u be 7*p/(-12)*-4. Suppose -u*b + 174 = -5*b. What are the prime factors of b?
3, 29
Let m(c) be the third derivative of 7*c**4/2 - c**3 + 19*c**2. Let v be m(2). Suppose -4*g = -v + 54. List the prime factors of g.
3
Suppose 4*x - 186 = -4*p + 2*p, -3*x + 3*p + 135 = 0. Suppose -x*g = -41*g - 3810. Suppose -7*s + g = -428. List the prime factors of s.
2, 5, 17
What are the prime factors of 30/(20/(-4)) - 10/((-50)/3055)?
5, 11
Let p(x) = 3*x + 2. Let o be p(3). Suppose -o = q - 15. Suppose q*f - 2*r - 428 - 234 = 0, -3 = 3*r. What are the prime factors of f?
3, 5, 11
Suppose -5*y = 35, -4*z + 128*y - 131*y + 125299 = 0. List the prime factors of z.
2, 5, 13, 241
Suppose 29*s - 152190 = 10*s. What are the prime factors of s?
2, 3, 5, 89
Let z = 5718 + -1428. Let x be ((-24)/(-2) + 2)*z/91. Suppose -712 = -3*p - 5*s - 219, 4*p + 4*s = x. What are the prime factors of p?
2, 83
Let t(f) = 1171*f**2 - 52*f + 110. List the prime factors of t(5).
5, 233
Suppose 15*w - 4*w = 275. List the prime factors of (-1690)/(-4) - w/10.
2, 3, 5, 7
Suppose 79*o - 2714796 - 3979034 = -72*o. What are the prime factors of o?
2, 5, 11, 13, 31
Suppose 23 = 2*w + 7. Let i be 4/w + (-91)/2. Let p = i + 70. List the prime factors of p.
5
Let b = 27 + -27. Let r(h) = h**3 + 2*h**2 - 2 - 7*h**2 + 5*h + b*h + 0*h. What are the prime factors of r(4)?
2
Suppose -t - 4*y = -10398, 3*y - 41657 = -125*t + 121*t. List the prime factors of t.
2, 5209
Let q = -66 + -135. Let b = q - -323. What are the prime factors of b?
2, 61
Let d = -3332 - -4787. Suppose 3*o - 2*l - d = 3*l, 0 = 5*o + l - 2453. What are the prime factors of o?
2, 5, 7
Let d be -300*216/(-15)*-1. What are the prime factors of (8/5)/((-54)/d)?
2
Suppose p - 2*a - 841 = 0, 0 = -0*p + 4*p + a - 3346. What are the prime factors of (p - -12) + (-10)/(-5)?
23, 37
Let d(h) = -h**3 - 21*h**2 - 15*h + 207. List the prime factors of d(-29).
2, 5, 11, 67
Let o(v) = 2*v - 3. Let f be o(3). Let w be f/((-30)/166) - 10/25. Let z = 82 + w. What are the prime factors of z?
5, 13
Suppose 11 = -4*m + 3, -5*j - 5*m = -60. Let f(k) = j - 2*k - 18 - 14*k**2 + 41*k**2. What are the prime factors of f(-2)?
2, 3
What are the prime factors of -5*(-24)/(-20) - -24239?
11, 2203
Let a(h) = 75*h + 23. Let c be a(5). Suppose -3*s + c = -118. List the prime factors of s.
2, 43
Let i be 504 + 9/27*15. Suppose v = 5*x - i, -v = 5*x - 0*v - 501. List the prime factors of x.
101
Let s(y) = 835*y - 2081. What are the prime factors of s(10)?
6269
Let u = 13115 + -667. What are the prime factors of u?
2, 389
Suppose -244*x + 3172808 = -474498 - 4176310. List the prime factors of x.
2, 3, 167
Suppose 0 = -c + 132 - 136. Let m = 176 + c. What are the prime factors of m?
2, 43
Suppose -278*i + 265*i + 84526 = 0. List the prime factors of i.
2, 3251
Let u be -3 + 24/4 + 0. Suppose 0 = -8*m + u*m + b + 26, 2*m - 3*b = 0. Suppose 0 = -0*q + m*q - 984. What are the prime factors of q?
2, 41
Let w = 37541 + -4507. What are the prime factors of w?
2, 83, 199
List the prime factors of (234/(-182))/(6/(-24458)).
3, 1747
Suppose 2*w = n + 31127, 4*w + 31142 = 6*w - 4*n. List the prime factors of w.
3, 7, 13, 19
Suppose 4*y + 3*x = 3*y + 12, -4 = 4*y - x. Suppose 4*t - 9*t + 10 = y. Suppose -4*n - 653 = -3*b, 6*b = b - t*n + 1071. What are the prime factors of b?
5, 43
Suppose 0 = -h - 3*u + 45, h = -4*h + 2*u + 276. Let w = h - 32. Let x = -7 + w. List the prime factors of x.
3, 5
Let j(o) = 9083*o**2 + 5*o - 2. Let m be j(-2). Suppose 56*g - 16*g - m = 0. List the prime factors of g.
2, 227
Let y = -87 - -37. Let r = 56 + y. Suppose -r*v = 49 - 145. What are the prime factors of v?
2
Suppose -2*u = -3*q + 2, -20 = -3*q + 5*u - 6. What are the prime factors of q/13 - (-23562)/39?
2, 151
Suppose -5*u + 11284 = -3*h + 11*h, u + 3*h = 2261. What are the prime factors of u?
2, 563
Let d(w) = 188*w + 15. Let c be d(-4). Let z = 1577 + c. Suppose 18*j - 23*j = -z. What are the prime factors of j?
2, 3, 7
Let a = -23867 + 41857. What are the prime factors of a?
2, 5, 7, 257
Let t(y) = 35 + 13*y + 52 - 78 + 217*y**2. What are the prime factors of t(-2)?
23, 37
Suppose -17*k = -26*k + 20286. List the prime factors of k.
2, 7, 23
Let v be 52/(-65)*(-10)/4. Suppose -2*b + 18 = -5*c, -v*b + 3*c = 5 - 15. What are the prime factors of (5510/(-76))/(6/(-4) - b)?
5, 29
Suppose 0*f + f = -3, 0 = -5*y + f + 1048. Let s = -170 + y. List the prime factors of s.
3, 13
Let s = -4599 - -9649. List the prime factors of s.
2, 5, 101
Suppose 0 = 5*s + r - 2010, -5*r = -5*s + 1259 + 781. Let b(o) = s*o - 1 - 425*o + 0 + 4. What are the prime factors of b(-6)?
3, 5
Let s(y) = -206*y + 262. Let p be s(-6). Let m = -800 + p. List the prime factors of m.
2, 349
Let s(u) = -u**3 - 17*u**2 - u + 6. Let y be (-9)/(-1 + 4) - 14. Let d be s(y). Suppose -3*r = 3*w - 153, 175 = 4*w - 2*r - d. What are the prime factors of w?
2, 5
Suppose -153*c - 3140 = -158*c. Let l = -186 + c. List the prime factors of l.
2, 13, 17
Let s = -863 - -564. Let l = 239 - s. List the prime factors of l.
2, 269
Suppose 15 = x + 2. Let d(l) = -77*l + 402. Let c be d(5). Suppose c*o - 12 = x*o. List the prime factors of o.
3
Let n = 18442 - 4652. What are the prime factors of n?
2, 5, 7, 197
Let n = 18618 + -17421. What are the prime factors of n?
3, 7, 19
Suppose 25*u = 17 + 33. Suppose -q = -u*x - 153, -2*q - 13*x + 11*x = -330. List the prime factors of q.
7, 23
Let b = 18718 + -8794. What are the prime factors of b?
2, 3, 827
Let d(y) = 17*y + 564. Let s be d(0). Let f = s + -406. List the prime factors of f.
2, 79
Suppose 21826*z - 21809*z - 1130483 = 0. List the prime factors of z.
66499
Suppose -5*t - 4*f = -0*f - 1371, -f - 1 = 0. Let d be (-20)/((-5)/1) + t. Suppose 0 = -2*y + 4*j - 3*j + d, -5*y + 711 = 2*j. What are the prime factors of y?
3, 47
Let s(u) = -u**2 + 11*u - 8. Let i be s(9). Let j be (312/14)/((-24)/(-1932)). Suppose -23*w + j = -i*w. What are the prime factors of w?
2, 3, 23
Let l = -21539 - -36591. What are the prime factors of l?
2, 53, 71
Let t = -69 - -138. Let o = t - 68. What are the prime factors of (-16)/(o + -5) - -179?
3, 61
Let q(n) = 21*n**2 + 7 - 3*n**3 + 14*n**2 - 11*n - n**3 - 47*n**2. What are the prime factors of q(-5)?
2, 131
Let q be (1/7)/((-32)/(-672)). Suppose 2387 = 3*d - 5*z, 0 = -d + q*d - 3*z - 1592. What are the prime factors of d?
17, 47
Let h be (-9540)/165 - 2/11. Let v = 61 + h. Suppose v*y = 8*y - 515. List the prime factors of y.
103
Let y be -2 + (-4 - (-14 - -8)). Suppose y = -177*p + 176*p + 38. List the prime factors of p.
2, 19
List the prime factors of ((-10)/(-25))/1*140790.
2, 3, 13, 19
Suppose 6 = 2*h + h. Let b(k) = -k**3 - 10*k**2 - 10*k + 16. Let m be b(-9). Suppose 0 = -h*j + m + 11. List the prime factors of j.
2, 3
Let m = -6 + 5. Let y be 50 - 0/(m + 0). Let t = y - -174. What are the prime factors of t?
2, 7
Let y = -102 - -106. Suppose a = -y*i + 1982, i - 5*a - 199 = 307. List the prime factors of i.
2, 31
Suppose 472 = 5*m - 9348. List the prime factors of m.
2, 491
Let w(t) = 2*t - 15. Let z be w(10). Suppose 0 = -z*r - 2*s - 1938 + 1, -r - 385 = s. Let n = r + 610. What are th